q**5/12 - q**3/2 - 4*q**2. Let i(z) = -23*z**2 + 192*z - 404. Let w be i(4). Give u(w).
-19
Let s(q) be the third derivative of 13*q**2 + 0*q + 1/20*q**5 + 1/8*q**4 - 1/360*q**6 + 7/6*q**3 + 0. Let n(d) be the first derivative of s(d). What is n(6)?
3
Let m(t) = 96*t**2 + 482*t + 32. Let x be m(-5). Let g(f) be the second derivative of x*f + 0 + 1/6*f**3 + 5*f**2. Give g(-7).
3
Let m(y) = -y**2 + y + 9. Let d be (5 - -2)*(-8)/(-6)*(-6)/28. Give m(d).
3
Suppose -6*n + 62*n - 390 = -110. Let b(z) = -z**2 + 3*z + 13. Give b(n).
3
Let b(k) = 3*k**2 - 9*k - 18. Let w be b(6). Suppose -10*g + 14 = -w. Let f(d) = -d**3 + 4*d**2 + 7*d - 10. Determine f(g).
0
Suppose 17*g - 38 = 5*x + 15*g, 4 = -x + 4*g. Let a(w) = w + 1. Let t(r) = -5*r - 9. Let z(h) = -4*a(h) - t(h). What is z(x)?
-3
Let f(l) be the second derivative of l**5/20 - l**4/4 - 2*l**3/3 + 3*l**2/2 + 119*l. Let a be (4/3)/((-12)/(-162)). Let v = a + -16. What is f(v)?
-9
Let n be (474 + -470)*(-3)/4. Let f(l) = l**2 + 5*l - 6. Give f(n).
-12
Suppose v = -3*v + 19 - 3. Suppose 3*k + 7 - 36 = -4*m, 23 = 3*k + m. Suppose 0 = 4*q + 16, -v*f + q + k = -f. Let i(b) = -4*b**3 - 2*b + 1. Give i(f).
-5
Let u(n) = 29 - 271*n**3 + 49*n + 6*n**2 + 138*n**3 + 19*n**2 + 135*n**3 - 2*n**2. Calculate u(-9).
-7
Let s = -8 + 16. Suppose -5*h - 1274 = s*h. Let g = h - -92. Let i(m) = -m**3 - 7*m**2 - 7*m + 8. What is i(g)?
14
Let j(v) = -2*v**3 + 2*v**2 + v - 1. Suppose 3*t = -15, 0 = -2*h - 2*h + 4*t + 396. Suppose -h*z = -98*z + 8. Calculate j(z).
-7
Let o be (-9 - -8)*(1 - 0). Let w(f) = -13*f**2 - 29*f + 4. Let n(l) = l**2 + 7*l - 1. Let i(v) = -4*n(v) - w(v). Determine i(o).
8
Suppose 105*z - 554 = 448 - 57. Let l(p) = -p**3 + 8*p**2 + 5*p + 17. Give l(z).
-19
Let a = -5538 + 5552. Let c(k) = k**2 - 13*k - 10. Calculate c(a).
4
Let w(c) be the second derivative of -c**7/840 - c**6/240 + c**5/60 + 39*c**4/4 - 111*c. Let y(f) be the third derivative of w(f). What is y(2)?
-16
Let n(f) be the third derivative of f**5/12 + f**4/12 + 3*f**3 + 29*f**2 - 2*f. What is n(0)?
18
Let u(t) = t**3 + 9*t**2 - t - 3. Let c(z) be the second derivative of -z**3/6 + 8*z**2 - 8*z. Let k be c(7). Suppose 2*l + 27 = k. Calculate u(l).
6
Suppose -9*v = 4 - 58. Suppose 7*u = 4*u + v. Suppose -5*c = 3*l + 9, l + 3 = -u*c - 0. Let x(a) = -a**3 - 3*a**2 - 4*a - 2. What is x(l)?
10
Let d(b) = b**2 - 2 - b**3 - 98*b - 5 + 103*b. Suppose 0 = 7*j - h - 23, -7*j + 1 = -8*j - 2*h. Give d(j).
-10
Let k(a) = -6*a**2 - 3*a - 42. Let d(z) = -5*z**2 - 2*z - 39. Let v(x) = -5*d(x) + 4*k(x). Give v(4).
35
Let l(o) be the second derivative of -o**4/12 + o**3/3 - 3*o**2/2 + o + 3. Suppose 11*k = -0*k + 55. Determine l(k).
-18
Let u(q) be the first derivative of 28*q**3/3 - q**2 - 802. What is u(1)?
26
Let s be (42/9)/(3*(-4)/18). Let b(m) be the second derivative of m**3/6 + 2*m**2 + 44*m. Calculate b(s).
-3
Suppose w + 13 = 2*w + 2*r, 0 = -3*w + 4*r - 11. Let h = 5 - w. Let f(t) = -t**3 - 9*t + 55899*t**2 - 55896*t**2 + 6*t + 1. What is f(h)?
-1
Let i(v) = -v - 16. Let d(h) = -2*h + 64 - 137 + 80. Let a be d(9). What is i(a)?
-5
Suppose -4*j = 1 - 13. Suppose c - c = j*c. Suppose 3*f + 5 + c = 2*g, -4*g + 3*f + 7 = 0. Let a(r) = -15*r**3 + 2*r**2 - 2*r + 1. Determine a(g).
-14
Let j(x) = -x**3 + 6*x**2 - 1. Let f(m) = -46*m**3 - 4*m**2 + 2. Let r be f(1). Let s be (-3 - r/20)/(5/(-50)). Give j(s).
-1
Let f(a) = -a**2 - 7*a - 6. Suppose 23*x - 244 = 791. Suppose -z = 8*z + x. Give f(z).
4
Let t(c) be the third derivative of c**6/120 + 11*c**5/60 + 13*c**4/12 + 8*c**3/3 - 4164*c**2. Give t(-8).
0
Let f(u) = 2*u**3 - 2*u**2 - 2*u + 2. Let m be ((-28)/(-42))/(2 + 17/(-9)). Let d be m/9 - (-12)/9. Determine f(d).
6
Let b be ((-90)/8)/(975/(-1300)). Let x(d) = 8*d - 33. Determine x(b).
87
Suppose 6*w - 2 = -152*w - 2. Let c(o) = -o**3 - o**2 - o + 46. Calculate c(w).
46
Let t(n) = 574*n + 12053. Let j be t(-21). Let a(u) = -33*u**2 - 4*u - 3. Determine a(j).
-32
Let q(h) = -31*h - 171. Let u be q(-6). Suppose 8*r - 3*r + u = 5*d, 5*r = 4*d - 15. Let i(n) = n**3 + n + 2. Calculate i(d).
2
Suppose -50*r = -43*r - 14. Let f(m) = -m + 5 + 5*m**3 - r - 1 + 0. Give f(2).
40
Let n(k) = k**3 - 7*k**2 - 3*k + 5. Let j be 1/12 - (-83)/12. Calculate n(j).
-16
Let c be -1 + (-3)/((-9)/(-3)) + 6. Let y(o) = -11 + o**3 + c + 9 + 8*o**2 + 6*o + 0*o**3. Determine y(-7).
9
Let l(k) be the first derivative of k**3/3 + 4*k - 1681. Calculate l(4).
20
Let k(w) = 24*w + 19*w + 34 + 21*w - 61*w. Determine k(-15).
-11
Suppose 4*s = 3*s - 6. Let r(p) be the third derivative of p**5/60 + p**4/3 + p**3/2 + 5*p**2 - 112*p + 6. Calculate r(s).
-9
Let p(n) = -2*n**2 - 6 + 0 + 72*n**3 + n - 71*n**3 + 0*n**2 + 0*n**2. What is p(5)?
74
Suppose 0 = 10*l - 15 - 15. Let j = l - 1. Let i(q) = q**2 - 3*q - 3. What is i(j)?
-5
Let y(k) = -4*k - 16. Suppose 2264 = -9*c + 491. Let m = c + 191. Calculate y(m).
8
Let v(i) = i**2 + 2*i - 4. Let x(t) = t. Let q be ((-30)/(-4))/(8/(-80)). Let y = -74 - q. Let l(k) = y*v(k) + 4*x(k). Determine l(-6).
-4
Let g(v) be the third derivative of 0*v + 1/12*v**4 - 1/6*v**3 + 0 - 191*v**2 - 4/15*v**5. Determine g(1).
-15
Let r(x) = 2*x**3 - 16*x**2 + x - 2. Suppose -21*w + 33*w - 144 = 0. Suppose -w*s + 42 = -54. What is r(s)?
6
Let t be (-2 - -1)*-3 + 0. Suppose -t*j - 7 = 2. Let q(v) = 156 + v**3 - 77 + 76*v**2 + 3*v - 77 + 90*v**2 - 162*v**2. Determine q(j).
2
Let a(z) = -z**2 - 132*z + 2229. Let r be a(15). Let w(f) = -2*f**3 + 45*f**2 + 74*f - 43. Give w(r).
5
Let q(s) = -2*s - 39. Suppose -412*v = -541*v. Calculate q(v).
-39
Suppose -7*h + 209 + 8 = 0. Suppose -3 + h = 2*q + 3*a, 4*q = -a + 36. Let z(j) = -j**3 + 7*j**2 + 7*j + 3. Determine z(q).
-5
Let k(r) be the second derivative of -r**5/10 - 17*r**4/12 - 2*r**3 - 17*r**2 - 2277*r. Give k(-8).
-2
Let o(q) be the third derivative of -q**6/120 + 2*q**5/15 - 3*q**4/8 - 5*q**3/3 - q**2 - 14*q. Suppose 0 = -4*i + 3*f + 16, f + 4 = 2*f. What is o(i)?
-24
Suppose -3*n - 5*l + 18 = 0, 4*l + 9 = -4*n + 41. Let y(d) = 6*d - 22. Give y(n).
44
Let j be ((-7 - -7)/(-9))/1. Let n(f) = 4 + 7*f - 5 + j - f. Give n(2).
11
Let u(g) = g**3 - 5*g**2 - g + 24. Let h(l) = 173*l + 2426. Let j be h(-14). Determine u(j).
4
Let v(u) = 5*u - 195. Let r be v(40). Let y(w) = -r*w + 0*w + 6 - 3*w + w**2. Calculate y(6).
-6
Let b be 3*85/(-17) + 16. Let v(h) = 36*h - 5. Determine v(b).
31
Let b(f) = -10*f + 92. Let m be b(9). Let o(x) = -2 + 5*x + 63*x**2 + 0*x + 2*x - 62*x**m. Suppose 4*k + 5 = 3*k. Determine o(k).
-12
Let j(i) = -3*i - 1. Let t(v) = 9*v - 41. Let z(h) = 2*j(h) - t(h). Let f be z(2). Let n(y) = y**3 - 9*y**2 - 2. What is n(f)?
-2
Suppose 6*k + a = k - 22, k - a = -2. Let d(z) = -z**3 - 3*z**2 + 4*z - 7. Let y be d(k). Let w(i) = i**3 + 6*i**2 - 9*i. Give w(y).
14
Let v(i) = i**2 + 60*i + 266. Let j(h) = 3*h**2 + 186*h + 794. Let g(k) = -3*j(k) + 10*v(k). Calculate g(-8).
6
Let m(t) be the third derivative of -t**5/60 + t**3/6 - 10*t**2. Let o be m(0). Let f(p) = -p**2 - 7*p + o - 5*p + 8*p - 2. Determine f(-7).
-22
Let l(o) = o**2 - 6*o - 4. Let u(k) = -k**3 - 7*k**2 - 3*k + 2. Let x be u(-7). Suppose v - 30 + x = 0. Determine l(v).
3
Let u(t) be the third derivative of -t**8/3360 + t**7/630 - t**6/360 - t**5/120 - 53*t**4/24 + 7*t**2. Let m(k) be the second derivative of u(k). What is m(2)?
-5
Let q be (245/(-490))/((3/30)/(-1)). Let p(t) be the second derivative of 0 - 1/2*t**4 + 1/20*t**5 + 5/2*t**2 + t + 1/3*t**3. Calculate p(q).
-10
Let p(n) be the third derivative of 1/12*n**5 + 1/3*n**3 + 0*n - 1/6*n**4 - n**2 + 0 + 1/120*n**6. What is p(-6)?
-10
Let f = -998 + 1007. Suppose i + f = q, -2*i + 0*i = q. Let x(m) = -8*m + 6. Give x(q).
-42
Let o(q) = -3*q**3 + q**2 - q - 1. Let m be (-855)/(-114)*(-14)/(-35). Give o(m).
-76
Suppose 10*v + 20 = 840. Let i = v + -91. Let b(l) = -l**3 - 9*l**2 - l. What is b(i)?
9
Suppose 9*f = 7*f + 46. Suppose -19*d + f*d = 0. Let u(g) = 3*g**2 + 2*g - 3. Let c(z) = -4*z**2 - 3*z + 4. Let v(r) = -5*c(r) - 7*u(r). Determine v(d).
1
Let v(b) = 18*b - 226 - 40 + 18*b - 68*b + 12*b. What is v(-13)?
-6
Let l(q) = -4*q**3 - 4*q**2 + 9*q - 5. Suppose 0 = -2*s + 4*y + 26 - 46, -4*s + 3*y = 10. Give l(s).
-35
Let v(l) be the first derivative of -l**3/3 - 2*l**2 + 2*l + 2. Le